s 4 divide 6080?
True
Does 15 divide 3044?
False
Is 57 a factor of 2964?
True
Is 136 a factor of 3113?
False
Is 6 a factor of 360?
True
Is 1854 a multiple of 2?
True
Is 402 a multiple of 13?
False
Does 18 divide 1080?
True
Does 7 divide 672?
True
Does 56 divide 560?
True
Does 124 divide 52041?
False
Does 8 divide 424?
True
Is 17 a factor of 2516?
True
Does 75 divide 74907?
False
Is 6264 a multiple of 92?
False
Is 96 a multiple of 5?
False
Is 2256 a multiple of 106?
False
Is 6 a factor of 498?
True
Is 35 a factor of 23555?
True
Does 47 divide 329?
True
Does 6 divide 41?
False
Is 72 a factor of 42336?
True
Is 800 a multiple of 40?
True
Does 78 divide 6942?
True
Is 831 even?
False
Is 11639 a multiple of 23?
False
Is 49037 a multiple of 40?
False
Is 5338 a multiple of 29?
False
Is 27 a factor of 1435?
False
Is 14 a factor of 352?
False
Is 128 a factor of 17702?
False
Is 6298 a multiple of 47?
True
Is 6 a factor of 474?
True
Does 10 divide 2895?
False
Is 3 a factor of 1234?
False
Is 82 a multiple of 11?
False
Does 22 divide 9020?
True
Is 66946 a multiple of 18?
False
Is 131680 a multiple of 13?
False
Is 770 a multiple of 77?
True
Does 82 divide 4018?
True
Is 8928 a multiple of 11?
False
Is 990 a multiple of 18?
True
Does 2 divide 710?
True
Does 25 divide 405?
False
Is 88 a factor of 457?
False
Is 991 a multiple of 19?
False
Does 11 divide 5389?
False
Is 39874 a multiple of 27?
False
Does 81 divide 3402?
True
Is 58724 a multiple of 53?
True
Is 7 a factor of 150?
False
Is 10889 a multiple of 116?
False
Is 2785 a multiple of 32?
False
Is 1080 a multiple of 20?
True
Is 28237 a multiple of 151?
True
Is 24001 a multiple of 7?
False
Is 3123 a multiple of 9?
True
Does 45 divide 218?
False
Does 50 divide 2161?
False
Is 1422 a multiple of 11?
False
Is 7187 a multiple of 34?
False
Is 37 a factor of 4699?
True
Does 6 divide 1076?
False
Is 4 a factor of 108?
True
Is 12 a factor of 240?
True
Is 48 a factor of 540?
False
Is 12 a factor of 19922?
False
Is 41273 a multiple of 35?
False
Is 3 a factor of 9051?
True
Is 102 a factor of 306?
True
Is 7216 a multiple of 22?
True
Is 99591 a multiple of 51?
False
Is 6179 a multiple of 167?
True
Is 3700 a multiple of 100?
True
Does 75 divide 1500?
True
Does 47 divide 1466?
False
Is 42588 a multiple of 52?
True
Is 70 a factor of 12180?
True
Is 31918 even?
True
Does 86 divide 140868?
True
Is 61 a multiple of 34?
False
Does 3 divide 1995?
True
Is 10 a factor of 337?
False
Does 4 divide 33149?
False
Is 86 a factor of 25112?
True
Is 3248 a multiple of 56?
True
Is 124 a multiple of 12?
False
Does 24 divide 672?
True
Does 19 divide 1314?
False
Does 131 divide 22447?
False
Is 31 a factor of 1364?
True
Is 16124 a multiple of 58?
True
Does 11 divide 264?
True
Is 25 a factor of 8687?
False
Is 546 a multiple of 2?
True
Does 54 divide 8899?
False
Is 26 a factor of 104?
True
Is 46 a multiple of 2?
True
Is 9300 a multiple of 62?
True
Does 2 divide 905?
False
Does 34 divide 13090?
True
Does 7 divide 21?
True
Does 152 divide 6544?
False
Is 21 a factor of 6310?
False
Does 43 divide 1613?
False
Is 10 a factor of 1180?
True
Does 14 divide 41132?
True
Does 43 divide 40248?
True
Does 152 divide 35264?
True
Does 88 divide 65259?
False
Is 594 a multiple of 62?
False
Is 4 a factor of 792?
True
Does 46 divide 5644?
False
Is 704 a multiple of 117?
False
Is 14769 a multiple of 9?
True
Is 8 a factor of 565?
False
Is 240 a factor of 62969?
False
Does 2 divide 4778?
True
Does 2 divide 1631?
False
Does 52 divide 54884?
False
Does 21 divide 1477?
False
Is 14 a factor of 4942?
True
Does 20 divide 38200?
True
Does 44 divide 3808?
False
Does 12 divide 59171?
False
Is 2689 a multiple of 3?
False
Does 416 divide 123552?
True
Is 19 a factor of 399?
True
Is 27552 a multiple of 82?
True
Is 116 a factor of 35691?
False
Is 37 a factor of 377?
False
Is 23 a factor of 28390?
False
Is 3129 a multiple of 11?
False
Is 38 a factor of 456?
True
Is 50 a factor of 2341?
False
Does 22 divide 2158?
False
Is 12 a factor of 35988?
True
Is 351 a multiple of 22?
False
Is 82 a factor of 13612?
True
Is 26 a factor of 31044?
True
Does 52 divide 1035?
False
Is 30 a factor of 80430?
True
Is 109 a factor of 2943?
True
Is 25134 a multiple of 19?
False
Does 2 divide 21?
False
Is 1794 a multiple of 78?
True
Is 11 a factor of 80?
False
Does 20 divide 939?
False
Does 3 divide 648?
True
Does 27 divide 4045?
False
Is 26 a factor of 1768?
True
Is 7 a factor of 25036?
False
Is 34 a factor of 48008?
True
Is 4 a factor of 4?
True
Is 58 a factor of 1508?
True
Is 1476 a multiple of 19?
False
Is 35 a factor of 14707?
False
Does 23 divide 1451?
False
Is 32 a factor of 5378?
False
Does 11 divide 153?
False
Is 80 a factor of 400?
True
Does 12 divide 8772?
True
Does 66 divide 264?
True
Is 26 a factor of 6039?
False
Is 665 a multiple of 95?
True
Does 9 divide 873?
True
Is 1089 a multiple of 7?
False
Is 23506 a multiple of 14?
True
Is 1695 a multiple of 17?
False
Does 7 divide 14?
True
Is 10159 a multiple of 39?
False
Is 25389 a multiple of 13?
True
Does 28 divide 15428?
True
Is 37 a factor of 13294?
False
Is 1060 a multiple of 53?
True
Is 236 a factor of 17464?
True
Is 145 a multiple of 10?
False
Is 398 a multiple of 10?
False
Does 5 divide 1565?
True
Is 6 a factor of 1710?
True
Is 897 a multiple of 299?
True
Is 30 a factor of 1920?
True
Is 14 a factor of 1498?
True
Is 51 a factor of 7046?
False
Is 8918 a multiple of 49?
True
Is 8274 a multiple of 42?
True
Is 5 a factor of 222?
False
Does 14 divide 13001?
False
Does 18 divide 450?
True
Is 3 a factor of 5277?
True
Is 42194 a multiple of 34?
True
Is 5930 a multiple of 3?
False
Does 34 divide 646?
True
Is 890 a multiple of 12?
False
Does 44 divide 238?
False
Is 1225 a multiple of 25?
True
Does 8 divide 7276?
False
Is 40 a factor of 209?
False
Does 32 divide 66000?
False
Does 121 divide 30250?
True
Does 12 divide 976?
False
Is 14 a factor of 42?
True
Is 35 a factor of 2870?
True
Does 20 divide 220?
True
Does 40 divide 3200?
True
Is 143 a factor of 1935?
False
Is 10 a factor of 1218?
False
Is 3 a factor of 670?
False
Is 493 a multiple of 29?
True
Is 17 a factor of 66613?
False
Is 9 a factor of 23?
False
Is 330 a factor of 48658?
False
Is 221 a factor of 13647?
False
Is 330 a multiple of 15?
True
Does 93 divide 4185?
True
Is 6 a factor of 41?
False
Is 5162 a multiple of 4?
False
Is 16 a factor of 128?
True
Does 44 divide 14344?
True
Does 75 divide 1800?
True
Does 53 divide 576?
False
Is 16 a factor of 3069?
False
Does 45 divide 1125?
True
Is 19 a factor of 39260?
False
Is 261 a multiple of 29?
True
Is 58 a factor of 1219?
False
Is 4004 a multiple of 44?
True
Is 36 a factor of 468?
True
Is 444 a multiple of 12?
True
Is 6 a factor of 340?
False
Is 117 a factor of 5022?
False
Is 103 a factor of 7221?
False
Does 5 divide 31?
False
Does 55 divide 371?
False
Is 16 a factor of 1170?
False
Is 88 a factor of 81488?
True
Is 15 a factor of 4119?
False
Is 214 a multiple of 16?
False
Is 10366 a multiple of 71?
True
Does 12 divide 2220?
True
Is 10 a factor of 1410?
True
Is 8 a factor of 10646?
False
Is 2943 a multiple of 27?
True
Is 21 a factor of 326?
False
Is 2293 a multiple of 36?
False
Is 3 a factor of 2001?
True
Is 2340 a multiple of 12?
True
Does 46 divide 2855?
False
Does 117 divide 8541?
True
Is 4154 a multiple of 10?
False
Does 14 divide 798?
True
Is 37 a factor of 673?
False
Does 35 divide 350?
True
Is 7 a factor of 971?
False
Does 18 divide 1484?
False
Is 2850 a multiple of 25?
True
Does 2 divide 1350?
True
Is 101 a factor of 79091?
False
Is 50 a factor of 1150?
True
Is 1311 a multiple of 19?
True
Is 18 a factor of 5148?
True
Is 156 a factor of 5772?
True
Is 41387 a multiple of 329?
False
Is 100 a factor of 11384?
False
Does 99 divide 32230?
False
Is 12553 a multiple of 4?
False
Is 10 a factor of 421?
False
Is 8 a factor of 55423?
False
Does 30 divide 1192?
False
Is 79 a factor of 2019?
False
Is 918 a multiple of 54?
True
Is 22 a factor of 681?
False
Does 2 divide 409?
False
Is 19 a factor of 10317?
True
Is 7392 a multiple of 22?
True
Is 22 a factor of 854?
False
Is 10126 a multiple of 39?
False
Is 13 a factor of 169?
True
Is 3 a factor of 1787?
False
Does 19 divide 256?
False
Is 15912 a multiple of 204?
True
Is 1820 a multiple of 5?
True
Is 24 a factor of 142